 factors of r.
2, 383
Suppose -5*w = -x - 24131, -3*w - 2*x = -2453 - 12036. List the prime factors of w.
3, 1609
Suppose -4*f + 2*j + 12132 = 0, -3*f - 12*j + 11*j = -9089. What are the prime factors of f?
7, 433
Suppose -122 = -i - j, -4*i + 488 = -3*j + 2*j. Suppose 6*x + i = 8*x. What are the prime factors of x?
61
List the prime factors of (0 - -2)/(20/34880).
2, 109
Let r(c) = -22*c - 29 + 14 + 8. What are the prime factors of r(-4)?
3
Let x(i) = i**3 - 5*i**2 + 30*i - 539. List the prime factors of x(12).
829
Let g = 13 + -10. Suppose 5*b + 75 = 5*u, -5*u + b = g*b - 47. What are the prime factors of u?
11
Let p be (-158)/(-14) + 12/(-42). Let j be (-2)/p - 123/(-11). What are the prime factors of (17 - j)*(-10)/(-3)?
2, 5
Let b(p) be the first derivative of -6*p - 8*p**2 + 11*p**2 - 6*p - 1. List the prime factors of b(4).
2, 3
Suppose -7*k = -5*o - 2*k + 15, -2*k = 2*o - 10. Suppose -o*u + 42 = -18. Suppose 8 = -5*q - 5*y + 48, 3*y - u = -2*q. What are the prime factors of q?
3
Suppose p - 836 = -5*c, -4*p = 8*c - 11*c - 3367. List the prime factors of p.
29
Let i(u) = -4*u**2 + u + 1. Let b be i(-1). Let a be (b/5)/((-8)/(-40)). Let s(c) = 2*c**2 + 2*c + 1. What are the prime factors of s(a)?
5
Suppose h + 3*h + 16 = 0. Suppose 0*b + 2*b = 5*t - 79, -b - 12 = 3*t. What are the prime factors of 126/b*6/h?
7
List the prime factors of (-22033)/22*2*(1 - 2).
2003
Let z be (-84)/10 + (-6)/(-15). Let o be (2 + -2)/(z/4). Suppose -4*r + 0 + 24 = o. What are the prime factors of r?
2, 3
Let r(s) = -3*s + 47. Suppose 8*z + 45 = 157. List the prime factors of r(z).
5
List the prime factors of (-3 - (-60)/(-8))*(-720)/21.
2, 3, 5
Suppose 5*j = -532 - 288. Let l be (j/16)/((-1)/4). What are the prime factors of l/13 + (-4)/26?
3
Let c be ((-1)/(-2))/((-20)/(-120)). Suppose q + 4 = 3*j - c, 4*q - 28 = -2*j. Suppose 0*o + j*o = 36. What are the prime factors of o?
3
Suppose 3*x - 13*x + 14790 = 0. List the prime factors of x.
3, 17, 29
Let o be (2/20*4)/((-1)/(-5)). Suppose 0 = 3*r + o*r - 4*q - 476, 4*r - 360 = -2*q. What are the prime factors of r?
2, 23
Let p be (-12)/(-4) + 1 + 0. Suppose -p*z + 269 = 17. List the prime factors of z.
3, 7
Let u = -94 - -97. Suppose 18 = u*t - 4*o, 4*o + 6 = -3*t - 0. What are the prime factors of t?
2
Suppose 4*k - 15 - 1 = 0. Let t(w) = w**3 - 4*w**2 + 2*w - 2. Let j be t(k). List the prime factors of 28*(1 + (-3)/j).
2, 7
Let x be (5/(-2))/5 - 2/(-4). Suppose x = 5*w - 25, 4*i - w - 498 = 269. What are the prime factors of i?
193
Let j = 905 - 194. What are the prime factors of j?
3, 79
Let j(f) = -f**3 + 5*f**2 + 8*f. Let s be j(6). List the prime factors of 2446/22 - s/66.
3, 37
Let a(s) = -12*s + 64*s**2 + 4 + 72*s**2 - 134*s**2. What are the prime factors of a(8)?
2, 3
Let s(l) = 41*l**2 + 44*l + 28. List the prime factors of s(-11).
5, 17, 53
Let j(a) = 67*a**3 + a**2 + 3. What are the prime factors of j(2)?
3, 181
Suppose -1 = -m + 34. List the prime factors of (12/5)/(2/m).
2, 3, 7
Let m = 46 + -44. Suppose m*w = 280 - 48. What are the prime factors of w?
2, 29
Let s(q) = -3*q**3 - 3*q**2 + 5*q. Let p(w) = -7*w**3 - 5*w**2 + 10*w. Let t(m) = 4*p(m) - 9*s(m). List the prime factors of t(6).
2, 3
Let v = -146 + 307. What are the prime factors of v?
7, 23
List the prime factors of ((-1)/(-3) - (-12376)/42) + 2.
3, 11
Let k be 5076/60 + 4/10. Suppose 325 = 5*m - k. What are the prime factors of m?
2, 41
Let b(l) = -3*l**2 - 237*l + 225. What are the prime factors of b(-69)?
3, 5, 17
Suppose 4*x - 3386 = -2*i, 5*x - 28*i = -25*i + 4238. List the prime factors of x.
7, 11
Let k(n) = -4*n + 27. Suppose 4*p + 5*a = -141, 4*p - 3*a = -5*a - 126. What are the prime factors of k(p)?
11, 13
Let l = -2116 - -3393. List the prime factors of l.
1277
Suppose -430 - 640 = -10*s. What are the prime factors of s?
107
Suppose m + 5*u - 15 = 0, -2*m + 2*u + 0*u = -42. Suppose m*z - 93 = 17*z. What are the prime factors of z?
31
Let r = 1480 - 480. What are the prime factors of r?
2, 5
Let v(f) = -13*f - 50. Let a be v(-8). Let j = a - -97. What are the prime factors of j?
151
Suppose 4*d + 787 = a, -3*d - 3881 = -5*a - d. List the prime factors of a.
5, 31
Let c be 4/14 + 96/7. Suppose 0 = -c*g + 1745 + 2021. What are the prime factors of g?
269
Suppose -4*n + 44 + 68 = 0. Let i = -232 + 226. Let c = n + i. What are the prime factors of c?
2, 11
Suppose 5*a = -7 + 2. Let w be (70 - 1)*a/(-1). Suppose 0 = -4*p + w + 123. List the prime factors of p.
2, 3
List the prime factors of 810 + 25/(4 - 9) - 5.
2, 5
Suppose 2*q + h = 873, -5*q + 413 = 3*h - 1768. List the prime factors of q.
2, 3, 73
Let t(h) = h**3 + 12*h**2 - 8*h + 1. What are the prime factors of t(6)?
601
Let v be (-30)/(-4) - (-12)/(-24). Let k(n) = -v - 2 + 1 - n**2 - 12*n. What are the prime factors of k(-10)?
2, 3
Let z be 1/(-2) + 3 + (-1652)/(-8). Suppose 4*p = -5*a + z, 5*a = p + a - 68. What are the prime factors of p?
2, 7
Let j(m) = 59*m - 234. List the prime factors of j(13).
13, 41
Let q be (-5 - -8 - 4)/((-2)/4). Suppose -3*k + 452 = -2*c, -q*k - 66 + 371 = -5*c. What are the prime factors of k?
2, 3, 5
Suppose 5*n = 3*g + 426, 4*n - 2*g = 86 + 254. Let j = n + -57. What are the prime factors of j?
3
Let w = 18 - 18. Suppose w = 30*q - 24*q - 48. List the prime factors of q.
2
Let g = -74 - -82. List the prime factors of (246/g)/(3*(-2)/(-16)).
2, 41
Let l(u) = u + 1. Let n be l(-1). Suppose -2*q + 4 = n, -2*p - q = -6*q - 56. Suppose c - p - 17 = 0. List the prime factors of c.
2, 5
Let d(y) = -37*y**2 - 7*y + 12. Let r be d(3). What are the prime factors of r/4*4/(-6)?
3, 19
Suppose -5*y + 2*i + 1091 = 0, -y + 4*i + 113 = -98. Suppose -3*a - y = -3*o, 4*a + a = -2*o + 111. List the prime factors of o.
2, 17
Let k(n) = n + 15. Suppose -u - 5*s + 18 = 0, 3*s = -4*u + 58 - 3. Let i be k(u). Suppose -5*a - b = -121 + i, -4*b = -4*a + 60. List the prime factors of a.
2, 3
Suppose -2*w - 4*r + 1764 = 0, 4*w = w - 3*r + 2637. What are the prime factors of w?
2, 3, 73
Let t be (-111)/(-21) + (-2)/7. Suppose -t*n + 151 = -59. List the prime factors of n.
2, 3, 7
Let s = 27 + -57. What are the prime factors of -2 + 8/2 - (-2 + s)?
2, 17
Let i = 1039 + -504. What are the prime factors of i?
5, 107
Suppose 40*j - 4*o = 42*j - 5532, -13830 = -5*j - 3*o. What are the prime factors of j?
2, 3, 461
Let q be (2/5)/(2/520). Let g be q/13 - (0 - -3). Suppose -74 = -4*z - z - k, g*z - 5*k - 80 = 0. What are the prime factors of z?
3, 5
Let c(y) = -y**2 - y + 1. Let u(w) = 5*w**2 - 14*w + 14. Let v(l) = -4*c(l) - u(l). What are the prime factors of v(11)?
59
Let c(t) = -5*t**2 - 27*t + 9. Let p(i) = -2*i**2 - 13*i + 4. Let m(v) = -3*c(v) + 7*p(v). Let a be m(8). List the prime factors of (-213)/a + (-1)/5.
2, 7
Let n(d) = d**3 - 3*d**2 - 10*d + 7. Let l be n(6). Suppose -5*m = -25, i + i - l = -5*m. List the prime factors of i.
3, 5
Let s be -1 - -49 - (3 + 0). Suppose 4*c - s - 103 = 0. Suppose -c = -6*u + 35. List the prime factors of u.
2, 3
Let f(i) = i**3 - 6*i**2 + 2*i - 11. Let l be f(6). Suppose 0 = -2*x + 3 + l. Suppose z = -5*s - 0*z + 102, 4*s = x*z + 76. List the prime factors of s.
2, 5
Let g(d) = d**3 + 8*d**2 + 4*d + 10. Let q be g(-8). Let p be -1*9 + -1 + 2. Let i = p - q. What are the prime factors of i?
2, 7
Suppose 6*j = 15*j - 12456. List the prime factors of j.
2, 173
Suppose -2*t = -5*x + 220, 4*x = -3*t + 5*x - 317. Let n = 49 + t. Let s = n - -108. List the prime factors of s.
2, 13
Suppose -3*o + 11938 = -2*k, -19898 = -5*o + 5*k - 2*k. What are the prime factors of o?
2, 11, 181
Suppose -s - 4*b - 5 = 0, -s = -6*s - b + 13. Suppose s*c - 3*f = 156, 3*f + 5 - 185 = -3*c. What are the prime factors of c?
2, 7
Suppose 0 = 3*g - 4*x + 81, 0*x - 3*x = g + 14. Let a = g + 141. List the prime factors of a.
2, 59
Let v be 3752/(-10) + 1 + 7/35. Let m = -261 - v. What are the prime factors of m?
113
Suppose -w - 3*w + 48 = 0. Let s(i) = -i**2 - i. Let o(g) = -5*g**2 + 7*g - 3. Let q(k) = -o(k) + 4*s(k). List the prime factors of q(w).
3, 5
Let r = -443 - -771. List the prime factors of r.
2, 41
Let p be 30/14 + 7/(-49). Let z = 0 + 26. Suppose 0*u + p*w = u - z, -u = w - 20. What are the prime factors of u?
2, 11
Suppose 0 = -2*q + 14 - 4. Suppo